3) in base 13?
-162a016
What is -3c5d8 (base 15) in base 3?
-100211201012
What is -4122430022 (base 5) in base 9?
-16730452
What is 15324435 (base 6) in base 15?
aa0b2
What is -2357332 (base 10) in base 7?
-26015455
What is -11212202111 (base 3) in base 10?
-96052
What is 4155093 (base 10) in base 13?
b26347
Convert 330552332 (base 6) to base 7.
101233550
1226551 (base 7) to base 11
a9014
What is 110110101001111100 (base 2) in base 4?
312221330
-101001010000100010 (base 2) to base 13
-5bbc7
46610602 (base 7) to base 3
21201111002101
What is -139a21 (base 15) in base 9?
-1687714
-176170 (base 9) to base 6
-2202530
Convert -1354c (base 16) to base 10.
-79180
Convert 1022526 (base 8) to base 9.
453631
What is -245114213 (base 6) in base 8?
-22007141
Convert 133133212121 (base 4) to base 6.
452541425
What is -a1855 (base 12) in base 16?
-33581
Convert -14124 (base 14) to base 11.
-3430a
Convert 212303120 (base 4) to base 10.
158936
Convert -210437 (base 8) to base 15.
-15ab4
Convert -535402100 (base 6) to base 4.
-210100000110
302021101 (base 4) to base 13
72646
5100aa (base 14) to base 12
ab6632
130223113211 (base 4) to base 5
3411031134
Convert 310010035 (base 6) to base 8.
24226647
What is -4aaa11 (base 12) in base 10?
-1221421
What is -101001112120 (base 3) in base 4?
-300111000
What is 609cdb (base 14) in base 5?
1313113220
What is 223151315 (base 6) in base 3?
21122222000102
Convert -18de67 (base 15) to base 6.
-41544441
Convert bda58 (base 15) to base 11.
382118
21ed28 (base 16) to base 13
5cb02a
112200013 (base 4) to base 16
16807
30230310 (base 4) to base 13
1a8a7
What is 5ee34 (base 16) in base 6?
12155204
What is -193855 (base 10) in base 11?
-122712
-22400234 (base 5) to base 4
-300312011
What is -4666 (base 7) in base 11?
-1319
What is -10101000000001000011 (base 2) in base 7?
-5564254
Convert -15673 (base 15) to base 13.
-25506
What is 12212002200202 (base 3) in base 8?
13675706
1240088 (base 9) to base 5
133111423
What is 1332230110 (base 4) in base 14?
d7188
Convert -1000110001101001001111 (base 2) to base 4.
-20301221033
Convert -48609 (base 12) to base 6.
-2032013
Convert 8419648 (base 10) to base 14.
1192556
What is -189552 (base 14) in base 11?
-545358
What is -22302652 (base 8) in base 9?
-10053467
-434575 (base 9) to base 16
-3f4c4
What is -71033 (base 12) in base 7?
-1151223
What is -1643653 (base 8) in base 16?
-747ab
What is 400113110 (base 5) in base 7?
16213336
What is 9679507 (base 10) in base 14?
13dd735
Convert -108494 (base 11) to base 4.
-222003332
-20505412 (base 6) to base 4
-2102132300
-12a1469 (base 11) to base 13
-606609
43402166 (base 7) to base 11
2108261
-283e3 (base 15) to base 7
-1045332
Convert -472457 (base 10) to base 8.
-1632611
What is 4150c6 (base 14) in base 9?
4127701
60500664 (base 7) to base 5
2241310013
2045752 (base 14) to base 9
31578668
What is 4b6313 (base 15) in base 7?
42505200
-225676 (base 8) to base 15
-17b09
3bb93 (base 14) to base 13
5230b
13471288 (base 9) to base 6
354431042
-35510 (base 15) to base 14
-45cb0
What is 13014 (base 9) in base 16?
2239
Convert -20033333121 (base 4) to base 11.
-1247915
-1001100001110101111 (base 2) to base 8
-1141657
What is 2448882 (base 10) in base 3?
11121102020100
What is -43442320 (base 6) in base 16?
-13c8a8
What is -24051423 (base 8) in base 12?
-191a46b
-50366772 (base 8) to base 12
-36793b6
What is 100012111210 (base 3) in base 6?
3514420
-8b1d7a (base 14) to base 7
-55131513
2316251 (base 11) to base 12
1433354
-55552131 (base 6) to base 4
-12121313113
-4d2994 (base 15) to base 13
-9c9247
What is -203231122 (base 4) in base 13?
-51763
Convert -53025524 (base 6) to base 10.
-1543516
What is -53d776 (base 16) in base 11?
-3113233
Convert a78a (base 13) to base 4.
11223203
What is 110667 (base 11) in base 6?
3441031
7721624 (base 8) to base 13
577a25
Convert -2120111332 (base 4) to base 3.
-1011200222001
What is -10001220244 (base 5) in base 16?
-955d98
What is 1dbd31 (base 14) in base 11?
670a04
Convert -465760 (base 10) to base 2.
-1110001101101100000
What is -8356 (base 16) in base 10?
-33622
Convert -537510 (base 11) to base 16.
-d1be7
Convert -3055861 (base 11) to base 5.
-2340124303
What is 2220122113 (base 4) in base 7?
5602060
Convert 1870 (base 10) to base 11.
1450
Convert -20112122121 (base 3) to base 8.
-373413
Convert 775960 (base 13) to base 16.
2ae6aa
What is -10ddb3 (base 14) in base 11?
-3639aa
What is 24210112 (base 5) in base 13?
7b933
92342 (base 10) to base 9
150602
What is 1e10d (base 15) in base 13?
35872
-4642516 (base 8) to base 11
-792945
Convert -30011403 (base 5) to base 12.
-b4164
b1962 (base 12) to base 8
703432
Convert -cdd42 (base 16) to base 14.
-17d358
What is 820b (base 14) in base 5?
1203410
Convert -331106 (base 8) to base 14.
-2c730
Convert 93893 (base 12) to base 11.
12206a
What is 24fa (base 16) in base 6?
111454
-1885 (base 11) to base 14
-c2c
1221202200 (base 3) to base 8
113102
What is 2025553 (base 6) in base 2?
10111101110101101
1211214024 (base 5) to base 14
53b4ca
82ed60 (base 16) to base 13
1a156b6
Convert 416c0 (base 13) to base 16.
1cb6b
Convert 1382a1 (base 12) to base 7.
2523214
What is 423116 (base 7) in base 8?
216641
-976454 (base 15) to base 4
-123200033323
304b9 (base 14) to base 9
186345
230584 (base 9) to base 14
3855c
-100881 (base 10) to base 3
-12010101100
-110110110110011100 (base 2) to base 6
-4452044
Convert -22436220 (base 7) to base 8.
-7362111
What is -641543 (base 8) in base 15?
-43574
15c8d (base 16) to base 10
89229
-4e5ac8 (base 15) to base 5
-1430444223
Convert -45322553 (base 6) to base 8.
-5206405
What is -887380 (base 9) in base 13?
-1574b2
310003231 (base 4) to base 9
354441
What is 12240424221 (base 5) in base 7?
236425123
-482b81 (base 12) to base 6
-40555441
What is -10108dc (base 14) in base 5?
-3414212324
100110000111101011010 (base 2) to base 14
247306
182183 (base 9) to base 3
12202012210
What is 115603 (base 14) in base 8?
2202443
Convert 3807054 (base 12) to base 2.
101001110011111110000000
What is 176534 (base 8) in base 13?
236a3
a97942 (base 11) to base 13
494a26
What is -5002273 (base 8) in base 5?
-313440211
-4439 (base 12) to base 5
-220113
Convert 2f155e (base 16) to base 12.
1049826
What is -4503213 (base 6) in base 13?
-7bc87
What is -1101111000000111100010 (base 2) in base 15?
-4bcca5
Convert -a697a (base 11) to base 8.
-457664
What is 37a43 (base 13) in base 3?
12020000200
What is -10011010011110000110 (base 2) in base 16?
-9a786
What is -2232011 (base 6) in base 3?
-12202021021
11200212211222 (base 3) to base 7
30141116
What is -2115033 (base 6) in base 15?
-209e0
-1421543 (base 6) to base 10
-80775
7da01 (base 14) to base 4
1022311301
Convert -2358a36 (base 11) to base 8.
-17536021
What is 23bc1 (base 16) in base 12?
70855
What is -215431316 (base 7) in base 9?
-26438032
-13126346 (base 7) to base 11
-74a917
Convert 130112000 (base 5) to base 6.
21252012
Convert 33ef26 (base 16) to base 12.
118179a
-10600240 (base 7) to base 10
-924511
What is -680404 (base 10) in base 13?
-1aa90a
100212020212 (base 3) to base 13
6a469
Convert -101111111100010111 (base 2) to base 12.
-95787
What is 324aa (base 11) in base 15?
deae
Convert 2121131021 (base 4) to base 8.
2313511
13a1a8 (base 12) to base 5
41003332
Convert -5178744 (base 9) to base 13.
-75c24a
Convert 10010111011010100001 (base 2) to base 6.
21143133
433302 (base 5) to base 10
14827
Convert 40cd4 (base 16) to base 2.
1000000110011010100
Convert -20221021212 (base 3) to base 8.
-412527
-3001112131 (base 4) to base 11
-4a1019
What is 447204 (base 8) in base 11?
a363a
1020232332 (base 4) to base 9
503600
What is 433415154 (base 6) in base 5?
3434404130
What is -220020121220100 (base 3) in base 8?
-61116013
Convert 1407663 (base 10) to base 6.
50100543
206714 (base 9) to base 7
1021516
Convert 114195 (base 10) to base 2.
11011111000010011
-110101011001000011000 (base 2) to base 12
-704560
What is -1320172 (base 9) in base 6?
-23245532
Convert 34875 (base 9) to base 3.
1011222112
What is -4257b (base 12) in base 2?
-10101010010101111
Convert a4e6 (base 15) to base 4.
20200302
15a63 (base 14) to base 15
110c3
-1000101101111001001 (base 2) to base 9
-474738
-2140360 (base 7) to base 13
-92290
Convert -533